{"id":11626,"date":"2025-03-26T10:05:13","date_gmt":"2025-03-26T09:05:13","guid":{"rendered":"https:\/\/kastellskolan.se\/sida\/?page_id=11626"},"modified":"2025-12-18T07:27:42","modified_gmt":"2025-12-18T06:27:42","slug":"grundskola-1-9","status":"publish","type":"page","link":"https:\/\/kastellskolan.se\/sida\/katellskolan\/grundskola-1-9\/","title":{"rendered":"Grundskola 1-9"},"content":{"rendered":"<p>Kastellskolan bedriver grundskoleverksamhet fr\u00e5n \u00e5k 1 till \u00e5k 9. Skolan \u00e4r enparallellig, (en klass per \u00e5rskurs).\u00a0<\/p>\n<p>Alla \u00e5rskurser undervisas i samma hus p\u00e5 skolan, vilket ger eleverna m\u00f6jlighet att m\u00f6tas \u00f6ver \u00e5rskurserna under exempelvis raster och p\u00e5 gemensamma aktiviteter. L\u00e4rare och \u00f6vrig personal m\u00f6ter ocks\u00e5 naturligt elever fr\u00e5n olika \u00e5rskurser vilket \u00f6kar tryggheten och g\u00f6r \u00f6verg\u00e5ngarna mellan l\u00e5g- mellan- och h\u00f6gstadie enklare f\u00f6r b\u00e5de barn och vuxna.&nbsp;<\/p>\n<div class=\"wp-block-image\">\n<figure class=\"aligncenter size-large is-resized\"><a href=\"https:\/\/i0.wp.com\/kastellskolan.se\/sida\/wp-content\/uploads\/2017\/06\/UNADJUSTEDNONRAW_thumb_1e5d.jpg?ssl=1\"><img data-recalc-dims=\"1\" fetchpriority=\"high\" decoding=\"async\" width=\"810\" height=\"608\" src=\"https:\/\/i0.wp.com\/kastellskolan.se\/sida\/wp-content\/uploads\/2017\/06\/UNADJUSTEDNONRAW_thumb_1e5d.jpg?resize=810%2C608&#038;ssl=1\" alt=\"Elever runt ett bord\" class=\"wp-image-1126\" style=\"width:387px;height:auto\" srcset=\"https:\/\/i0.wp.com\/kastellskolan.se\/sida\/wp-content\/uploads\/2017\/06\/UNADJUSTEDNONRAW_thumb_1e5d.jpg?w=1024&amp;ssl=1 1024w, https:\/\/i0.wp.com\/kastellskolan.se\/sida\/wp-content\/uploads\/2017\/06\/UNADJUSTEDNONRAW_thumb_1e5d.jpg?resize=600%2C450&amp;ssl=1 600w, https:\/\/i0.wp.com\/kastellskolan.se\/sida\/wp-content\/uploads\/2017\/06\/UNADJUSTEDNONRAW_thumb_1e5d.jpg?resize=300%2C225&amp;ssl=1 300w\" sizes=\"(max-width: 810px) 100vw, 810px\" \/><\/a><\/figure>\n<\/div>\n<h2 class=\"wp-block-heading\">Lustfyllt l\u00e4rande<\/h2>\n<p>Vi ser l\u00e4rande som en lustfylld process genom vilken barnen successivt utvecklar f\u00f6rst\u00e5elsen av omv\u00e4rlden. Vi tror att kunskaper och f\u00e4rdigheter utvecklas i meningsfulla sammanhang d\u00e4r barnets erfarenheter \u00e4r utg\u00e5ngspunkt. L\u00e4randet sker genom att barn och pedagoger tar del av, bearbetar, pr\u00f6var och v\u00e4rderar information.<\/p>\n<p>Interaktion mellan m\u00e4nniskor \u00e4r grundl\u00e4ggande f\u00f6r allt l\u00e4rande. Samtal och kommunikation i vid bem\u00e4rkelse skall d\u00e4rf\u00f6r utg\u00f6ra en sj\u00e4lvklar del av verksamheten i alla barn- och elevgrupper p\u00e5 skolan. D\u00e5 utvecklas f\u00f6rm\u00e5gan att problematisera, argumentera, lyssna p\u00e5 och f\u00f6rst\u00e5 andras argument, v\u00e4rdera och ta st\u00e4llning. Denna h\u00e5llning bidrar till kunskap, fr\u00e4mjar demokratisk fostran och respekt f\u00f6r andra v\u00e4rden som \u00e4r en del av skolans kristna v\u00e4rdegrund.<\/p>\n<h2 class=\"wp-block-heading\">Trygg milj\u00f6<\/h2>\n<p>Kastellskolan erbjuder en milj\u00f6 d\u00e4r ert barn f\u00e5r en m\u00f6jlighet att utvecklas p\u00e5 en plats under en l\u00e4ngre tid. Vi erbjuder en tydlig progression som l\u00f6per fr\u00e5n v\u00e5r f\u00f6rskola via f\u00f6rskoleklass och in i skolan. Vi v\u00e4rdes\u00e4tter att varje elev \u00e4r unik.&nbsp;P\u00e5 Kastellskolan \u00e4r man d\u00e4rf\u00f6r inte en i m\u00e4ngden, utan en unik individ med egna \u00e5sikter som ska tillvaratas!<\/p>\n<h2 class=\"wp-block-heading\">K\u00f6anm\u00e4lan<\/h2>\n<p>Vill du att ditt barn ska f\u00e5 g\u00e5 p\u00e5 Kastellskolan? <a href=\"https:\/\/kastellskolan.se\/sida\/koanmalan-3\/\">Du hittar information om k\u00f6anm\u00e4lan h\u00e4r.<\/a><\/p>\n<p><strong>V\u00e4lkommen med din ans\u00f6kan!<\/strong><\/p><\/p>\n","protected":false},"excerpt":{"rendered":"<p>Kastellskolan bedriver grundskoleverksamhet fr\u00e5n \u00e5k 1 till \u00e5k 9. Skolan \u00e4r enparallellig, (en klass per \u00e5rskurs).\u00a0 Alla \u00e5rskurser undervisas i samma hus p\u00e5 skolan, vilket ger eleverna m\u00f6jlighet att m\u00f6tas \u00f6ver \u00e5rskurserna under exempelvis raster och p\u00e5 gemensamma aktiviteter. L\u00e4rare och \u00f6vrig personal m\u00f6ter ocks\u00e5 naturligt elever fr\u00e5n olika \u00e5rskurser vilket \u00f6kar tryggheten och g\u00f6r &hellip; <\/p>\n","protected":false},"author":12,"featured_media":902,"parent":706,"menu_order":0,"comment_status":"closed","ping_status":"closed","template":"","meta":{"jetpack_post_was_ever_published":false,"footnotes":""},"class_list":["post-11626","page","type-page","status-publish","has-post-thumbnail","hentry","latest_post"],"jetpack_sharing_enabled":true,"jetpack_shortlink":"https:\/\/wp.me\/P4pxxI-31w","_links":{"self":[{"href":"https:\/\/kastellskolan.se\/sida\/wp-json\/wp\/v2\/pages\/11626","targetHints":{"allow":["GET"]}}],"collection":[{"href":"https:\/\/kastellskolan.se\/sida\/wp-json\/wp\/v2\/pages"}],"about":[{"href":"https:\/\/kastellskolan.se\/sida\/wp-json\/wp\/v2\/types\/page"}],"author":[{"embeddable":true,"href":"https:\/\/kastellskolan.se\/sida\/wp-json\/wp\/v2\/users\/12"}],"replies":[{"embeddable":true,"href":"https:\/\/kastellskolan.se\/sida\/wp-json\/wp\/v2\/comments?post=11626"}],"version-history":[{"count":3,"href":"https:\/\/kastellskolan.se\/sida\/wp-json\/wp\/v2\/pages\/11626\/revisions"}],"predecessor-version":[{"id":11829,"href":"https:\/\/kastellskolan.se\/sida\/wp-json\/wp\/v2\/pages\/11626\/revisions\/11829"}],"up":[{"embeddable":true,"href":"https:\/\/kastellskolan.se\/sida\/wp-json\/wp\/v2\/pages\/706"}],"wp:featuredmedia":[{"embeddable":true,"href":"https:\/\/kastellskolan.se\/sida\/wp-json\/wp\/v2\/media\/902"}],"wp:attachment":[{"href":"https:\/\/kastellskolan.se\/sida\/wp-json\/wp\/v2\/media?parent=11626"}],"curies":[{"name":"wp","href":"https:\/\/api.w.org\/{rel}","templated":true}]}}